t i(k) = 189 - 366 + 202 + 13*k + 13*k**2. List the prime factors of i(-7).
571
Suppose 5*j - 4 = 6. Suppose -3*k + 727 = -2*b, k - j*b + 974 = 5*k. Let o = -174 + k. List the prime factors of o.
3, 23
Let d be 27/(-21) + (-720)/(-168). Let i(o) = -5*o - 6 + 10*o + 17*o. What are the prime factors of i(d)?
2, 3, 5
Suppose 5*b - 2*f = -f + 690, -5*b + 705 = -4*f. Let l = b - -6. What are the prime factors of l?
11, 13
Let v = 12247 - 12249. Let l(c) = -2*c**3 + 2*c**2 + 5*c + 3. Let a be l(-3). List the prime factors of v/10 + 114/a*28.
53
Let i = -523 - -9. Let m = i - -733. List the prime factors of m.
3, 73
Let t(c) = -42*c + 22*c - 26 + 17*c. Let w be t(-7). What are the prime factors of 2/3*w/((-25)/1530)?
2, 3, 17
Let b be (-7)/21 - (-7)/3. Let u(m) = m - b*m**2 + 74 + 10*m**3 - 3*m**3 - 74. What are the prime factors of u(2)?
2, 5
Suppose -3*m + 8278 = 2*d, 3*m = 7*d - 11*d + 8276. List the prime factors of m.
2, 3, 5, 23
Let h be 3 - ((-6 - -3) + 5)/(-2). Let v(g) = 2 - 11 - 19*g**2 + 5*g**3 + 3*g + 10*g**2. What are the prime factors of v(h)?
179
Let j(y) = -106*y + 5. Let q(g) = -g**2 + 9*g - 19. Let n be q(6). Let s be j(n). Suppose -309 = -3*x - 0*x - 5*o, -o - s = -x. What are the prime factors of x?
2, 3
Suppose 0 = -19*b - 6*b + 1424814 + 596661. What are the prime factors of b?
3, 26953
Let l = -204 + 380. Let y be 2/4 + (21/2 - 6). Suppose l = -y*d + 7*d. What are the prime factors of d?
2, 11
Let i = -12 + 17. Let n(t) be the first derivative of t**4/4 - 2*t**3/3 - t**2 + 6*t + 66. List the prime factors of n(i).
71
Suppose 0 = 8*s - 6*s - 6. Let c be 47/5 - s/(-5). Suppose 194 = -c*z + 12*z. List the prime factors of z.
97
Let w(x) = -2*x**3 + 9*x**2 - 7. Let z be w(-8). List the prime factors of (z/12)/(6 + 45/(-8)).
2, 3, 59
Let n = -4 - 5. Let v be (14/14)/(1/n). List the prime factors of (v - -12) + 81 + 0.
2, 3, 7
List the prime factors of (-1 + 36/4 + (-248)/(-24))*2829.
5, 11, 23, 41
Suppose 3990 = 27*j - 24*j. Suppose 123*u = 88*u + j. List the prime factors of u.
2, 19
Let f be -4 + -3*1/1. Let g be (f - -1)*1431/54. What are the prime factors of (-31 - -29)/(2/g)?
3, 53
Let t = 77251 - 39394. List the prime factors of t.
3, 12619
Suppose -n + 2*w + 53 = w, -2*n + w + 104 = 0. Let o = -47 + n. Suppose 3*r + 100 = o*r. List the prime factors of r.
2, 5
Let m = -50 + 88. Let x = 349 + m. What are the prime factors of x?
3, 43
Suppose -9 = 3*u - 0. Let n be u*1/(-3) + 62. What are the prime factors of 8/(-14) - (-8037)/n?
127
Let f be 5/(-15) + 762/(-9). Let g be 76/10 + (-34)/f. Let y = 74 - g. List the prime factors of y.
2, 3, 11
Let o be (-10)/65 - (-2864)/26. Suppose 8*z - 12 = 5*z. Suppose 4*m - 532 = -m - z*a, -m + o = -a. What are the prime factors of m?
2, 3
Let i be -1*(-4)/(-8)*(-23 + 3). Suppose i*y - 4732 = 2198. What are the prime factors of y?
3, 7, 11
Let q = -4212 - -10772. List the prime factors of q.
2, 5, 41
Let p(z) = -z + 31. Let c be p(27). Suppose -5*i + 1161 = j, c*i - 912 = -7*j + 2*j. What are the prime factors of i?
233
Suppose -1 = k + 2*k + 2*t, 0 = 2*t + 10. Suppose 2*q - 5*n - 81 = 0, q - 144 = -k*q + 4*n. Suppose q = -2*i + 193. List the prime factors of i.
2, 5
What are the prime factors of (-44)/(-6) + 24626560/1104?
2, 3, 3719
Let o(f) = 2*f**2 + 13*f - 5. Let b be o(-16). Let i be ((-32)/6)/(8/48). Let r = b + i. List the prime factors of r.
3, 89
Let i be 78/(-130) - 422424/(-15). Suppose 6*u = -15*u + i. What are the prime factors of u?
3, 149
Let w be 4*10/5 + 46. Let i = 72 + w. List the prime factors of i.
2, 3, 7
Let z(d) = d**3 - 9*d + 4. Let m be z(3). Suppose 0 = -r + m*u + 218, -975 = -5*r - 4*u + u. List the prime factors of r.
2, 3, 11
Let a(z) = -668 + 660 + 26*z - 10*z + 80*z. Let r be ((-2)/5)/((-1)/5). What are the prime factors of a(r)?
2, 23
Let a(j) = -10192*j + 681. List the prime factors of a(-1).
83, 131
Let l = 56897 - 40579. List the prime factors of l.
2, 41, 199
Let n be 1 + (16 - (-4 - -5)). Suppose 17*a = n*a + 6. Suppose -9*k + a*k + 45 = 0. What are the prime factors of k?
3, 5
Let t(y) = 4*y**2 + y. Let h(q) = 7*q**2 + 3*q + 4. Let v(b) = -h(b) + 4*t(b). Suppose 8*m - 12 = 5*m. What are the prime factors of v(m)?
2, 3
Suppose -3*h + 22 = -5*l + 39, 4*h - 24 = -5*l. Suppose 4*f - 117 = -l*s + 139, 0 = -3*s - 2*f + 188. What are the prime factors of s?
2, 3, 5
Let r be ((-78)/65)/(1 - (-2588)/(-2580)). Suppose 0*u + 263 = 2*u - 5*z, 3*u - r = 5*z. List the prime factors of u.
2, 31
Let s = 22 + -49. Let p be s/(((-3)/(-9))/1). What are the prime factors of p/(-108) + (-205)/(-4)?
2, 13
Let g = -842 + 1007. List the prime factors of 0 - ((-2)/5 + (-144639)/g).
877
Let r = 965 - 224. Suppose 6*x - 1865 = x + 5*z, 2*x - r = -3*z. What are the prime factors of x?
2, 3, 31
Let i(y) = -2*y**2 - 8*y + 1. Let v be i(-4). Let h be (v/(-3))/(2/(-18)). Suppose -h*u + 6 + 71 = 2*r, u - 112 = -3*r. What are the prime factors of r?
37
List the prime factors of (-2)/(-28) - 21951090/(-1764).
2, 3, 17, 61
Suppose -84*b - 3*n - 116319 = -86*b, 6*b = 4*n + 348982. What are the prime factors of b?
3, 23, 281
Suppose 5*n - 7867 - 88416 = -4*d, -2*d + 2*n + 48164 = 0. List the prime factors of d.
24077
Suppose 4*v - 182 = 554. Let b = 188 - v. List the prime factors of b.
2
Suppose -21*v + 63704 = -138242 - 41969. List the prime factors of v.
5, 23, 101
Let s(j) = 53*j**3 + 17*j**2 - 33*j - 319. List the prime factors of s(11).
2, 7, 11, 467
Let w(r) = -r + 4. Let q be w(2). Suppose -8*j + q*j = -552. Suppose 3*o + 2*f - j = o, 5*o - 3*f = 254. List the prime factors of o.
7
Suppose 2*m + 3 = 3*m, 0 = -2*n - 2*m - 12. Let k(b) = -20*b + 26. What are the prime factors of k(n)?
2, 103
Let v be (-4)/(-14) - 950/(-7). Suppose 1417 = 3*y + v. What are the prime factors of y?
7, 61
Let q = -125 - -150. Suppose 26*v = q*v + 295. List the prime factors of v.
5, 59
Suppose 153159 = 11*z + 2*z + 6*z. What are the prime factors of z?
3, 2687
Suppose -2*o - 585 = 81. Let i = 520 + o. List the prime factors of i.
11, 17
What are the prime factors of 11082 + 1 + -14 + 324/18?
11087
Let n(o) = 4*o**3 - 4*o**2 + 9. Let v(k) = 3*k**3 - 5*k**2 + k + 9. Let j(b) = -2*n(b) + 3*v(b). Let h be j(7). Let p = 30 + h. What are the prime factors of p?
2, 3, 5
Let k be (5 - 6 - 458) + 5. Let i = k + 995. List the prime factors of i.
541
Let h(y) = 3*y**3 + 3*y**2 - 17*y - 11. Let t be h(8). Suppose -t = -21*u + 11964. What are the prime factors of u?
3, 5, 43
Let a = 85 + -70. Let m(x) = 23*x - 124. List the prime factors of m(a).
13, 17
Let h(q) = -q**2 - 11*q + 16. Let x be h(-9). Suppose 2*v + 52 = 3*v + n, -5*n - x = -v. Let j = v - -70. What are the prime factors of j?
7, 17
Suppose 681 = 18*o - 3. List the prime factors of (741/o)/((-9)/(-282)).
13, 47
Let f(v) = 25*v + 156. Let g(z) = 101*z + 620. Let i(h) = -9*f(h) + 2*g(h). List the prime factors of i(-10).
2, 3, 11
Suppose -3*j + 0*j + 26 = 4*m, 2*j - 14 = -m. Suppose j*a - 1509 = 339. What are the prime factors of a?
2, 7, 11
Let h be ((-2)/(-4))/(9/666)*5. Suppose -9*g + 11*g - 110 = -4*u, h = 3*g + u. List the prime factors of g.
3, 7
Let d be 10/(-45) - (1 + (-4510)/45). Let h = d + 57. List the prime factors of h.
2, 3, 13
Suppose -5*i - 6 = 9. Let j(b) = b - 1. Let d be j(i). What are the prime factors of (d*65 - 2)/(8 - 10)?
131
Suppose -2*q = -3*a - 6*q - 175, -5*a - 3*q = 299. List the prime factors of (a - 5)/11 - (1 + -1058).
1051
Suppose 0 = 7*a - 8*a - 4*m - 160, -5*a = 3*m + 868. Let j = a + 190. List the prime factors of j.
2, 7
Let g = -562 + 905. Let f = g - -32. What are the prime factors of f?
3, 5
Suppose -762*r - g = -760*r - 19454, 48668 = 5*r - 3*g. List the prime factors of r.
2, 5, 7, 139
Let i(t) = t**3 - 9*t**2 + 4*t - 7. Let w be i(9). Suppose 34*q = w*q + 2430. List the prime factors of q.
2, 3
Suppose 2*b - 2*k - 40 = 0, -4*b - 8 = -k - 85. Suppose -b*g = -14164 - 5729. List the prime factors of g.
3, 349
Let u(m) = 297*m - 706. List the prime factors of u(9).
7, 281
Let s(t) be the second derivative of t**4/3 - 13*t**3/6 - 13*t**2/2 + 3*t - 48. Suppose -2*x + 9 = -5. List the prime factors of s(x).
2, 23
Let f be ((-4)/6)/((-1276)/318 - -4). Let h = f - 50. List the prime factors of (h - (1 - -3))*-111.
3, 